der when a is divided by 5?
1
Let t(a) = 3*a**2 - a + 7. Calculate the remainder when t(-8) is divided by 30.
27
Let m be -2 - 2/3*-3. Let s(j) = j**2 - j + 23. Suppose -f + 2*k = -10, k + 3*k = -f + 4. Calculate the remainder when s(m) is divided by f.
7
Let t(h) = h**3 + 10*h**2 + 11*h - 11. What is the remainder when 86 is divided by t(-8)?
28
Let g be 76/(-3) + (-1)/(-3). Suppose 0 = -n + 3*f - 7*f + 4, f + 50 = 4*n. What is the remainder when (-3)/6*6 - g is divided by n?
10
Suppose w - 28 = -4*r, 25 + 14 = 3*w + 3*r. Suppose -6*z - 26 = -212. What is the remainder when z is divided by w?
7
Suppose 0*v + 3*v = -3*a + 57, -v + 39 = 2*a. What is the remainder when 35 is divided by a?
15
Let o = -12 + 17. Calculate the remainder when 6 is divided by o.
1
Let q(x) = -x**2 - 20*x - 7. What is the remainder when q(-9) is divided by 16?
12
Let k(t) = -t**3 - t**2 - 2*t - 4. Calculate the remainder when 75 is divided by k(-3).
15
Let i be (2 + 6)*1/2. Suppose 10 = -i*k + 5*k. Let v(d) = d - 1. Calculate the remainder when k is divided by v(5).
2
Let f(s) = s**2 - s - 2. Let h(d) = -d**2 + d. Let l(w) = -w - 8. Let a be l(-10). Let p be h(a). Calculate the remainder when f(p) is divided by 2.
0
Suppose -19 = -3*s + 2. What is the remainder when s is divided by 3?
1
Let x(z) = z + 17. Suppose 0 = -3*q + p + 25, -3*q + p - 2*p = -29. What is the remainder when x(0) is divided by q?
8
Suppose -5*x = -81 - 54. What is the remainder when x is divided by 15?
12
Let x = -8 - -13. Let r(k) = 5*k - 38. Calculate the remainder when r(11) is divided by x.
2
Suppose -5*f = -5, -4*z + 5*f + 43 + 32 = 0. Calculate the remainder when z is divided by (-1)/(-4) + (-27)/(-4).
6
Let z = 19 + -11. Suppose -21*s = -23*s + z. What is the remainder when 10 is divided by s?
2
Let b = -107 + 196. Calculate the remainder when b is divided by 13.
11
Suppose 0*g - 5*g = -50. What is the remainder when (-2)/(-3 - (-110)/38) is divided by g?
9
Let g = 8 + -5. Let a be 18/10 + 4/20. Calculate the remainder when 13 is divided by g + -3 + 3 + a.
3
Let i(k) = 15*k + 2. What is the remainder when i(1) is divided by 6?
5
Let k(w) = -22*w + 5. Suppose 2*i - 6*i + 60 = 0. Calculate the remainder when k(-1) is divided by i.
12
Suppose 5*h = k - 41, k + 2*k = -h + 59. Suppose p - 4*c = k, 4*p + 5*c - 46 = p. Suppose 6*v = 10*v - 132. What is the remainder when v is divided by p?
16
Let k(m) = m**2 + 5*m - 1. What is the remainder when k(-7) is divided by 5?
3
Suppose -3*a + 16 = 2*t, 3*t + t = a + 60. Let q(w) = w. Let b = 4 + 1. What is the remainder when t is divided by q(b)?
4
Let k = -183 + 193. Calculate the remainder when 17 is divided by k.
7
Let f(a) = 8*a - 7. Let q be f(-6). Let p = q + 78. What is the remainder when p is divided by 12?
11
Let p be 2834/(-117) - 4/(-18). Let k = p + 42. What is the remainder when 88 is divided by k?
16
Suppose 0 = 3*o + 3*p - 18 + 3, -1 = o - 2*p. Suppose o*h + 3*n = 24 + 9, n = -3*h + 35. Calculate the remainder when 34 is divided by h.
10
Suppose 4*w - 2 = 2*z, 4*z - 8 = -0*z + 5*w. Suppose 0 = 2*b - 9 - 15. What is the remainder when b is divided by z?
5
Suppose p - 9 = 15. What is the remainder when 39 is divided by (-18)/p - 174/(-8)?
18
Let s(z) = z**3 + 10*z**2 + 8*z - 6. Let l be s(-9). Let h(x) = x + 4. What is the remainder when 20 is divided by h(l)?
6
Suppose 3*x + 3*l = x + 47, 2*x = 2*l + 72. Suppose -5*g = -4*b + 24, -3*b - 2*b + 35 = -5*g. What is the remainder when x is divided by b?
9
Let u = -19 - -29. What is the remainder when u is divided by -2 + 2 - 4/(-1)?
2
Suppose 11 = h - 3. Suppose -2 - 22 = -y. Calculate the remainder when y is divided by h.
10
Suppose -6*o - c + 375 = -o, -o = -5*c - 75. What is the remainder when o is divided by 11?
9
Let j = -65 + 115. Let b = j + -35. Suppose 0 = 4*l - 121 - 55. What is the remainder when l is divided by b?
14
Let o = 6 - 3. Suppose -o*g + 4*g = 9. Calculate the remainder when 34 is divided by g.
7
Let b(r) = -5*r - 1. Suppose 0 = -5*s - 5, 0*j - 5 = -4*j - 3*s. What is the remainder when b(-1) is divided by j?
0
Let p = -4 - -7. Let n = 5 - p. Suppose -n*h = 3*h - 5. Calculate the remainder when 2 is divided by h.
0
Suppose -5*c + 87 = -c - y, -5*y = 2*c - 27. Calculate the remainder when c is divided by 11.
10
Suppose -87 = -4*q - 3*b + 14, -5*q + 3*b = -106. Calculate the remainder when (q/2 + -1)*2 is divided by 11.
10
Let s be -9*(-2 + (-3)/(-3)). Suppose -2*h + s + 3 = 0. Calculate the remainder when h is divided by ((-3)/(-2))/((-12)/(-32)).
2
Suppose 5*t + 3*x + 0*x = 332, -t + 56 = -2*x. Let m = -25 + 47. What is the remainder when t is divided by m?
20
Suppose 20 = -18*p + 20*p. What is the remainder when 57 is divided by p?
7
Let o = -24 - -51. What is the remainder when 52 is divided by o?
25
Calculate the remainder when (4/(-6))/(1*(-8)/360) is divided by (-8)/(-10)*60/3.
14
Calculate the remainder when (-15)/(4 + 1) + 94/2 is divided by 9.
8
Suppose -3*t + y + 13 = 5*y, -5*y = -t - 2. What is the remainder when t is divided by 2?
1
What is the remainder when 15/(((-10)/(-12))/5) is divided by (-46)/(6/(0 + -3))?
21
Let q = 73 + -25. What is the remainder when q is divided by 17?
14
Let s(j) = -26*j - 1. Let b be s(-4). Suppose -4*d = 2*w - 174, -3*d + 4*w + b = -0*d. Calculate the remainder when d is divided by 11.
8
Suppose -3*y + 49 = -4*g, -4*g - 4*y = -5*g - 22. Let h = g + 23. Calculate the remainder when h is divided by 5.
3
Suppose 4 - 3 = -d - 5*k, -7 = -d + 3*k. What is the remainder when 5 is divided by d?
1
Suppose 3*o = 15 + 3. Suppose -17 = -6*r + 3*r + q, 3*q = 5*r - 31. Suppose n + 17 = 3*n - l, -r*n + l = -47. Calculate the remainder when n is divided by o.
4
Let p(a) = -a**3 + 23*a**2 - 19*a - 29. Calculate the remainder when p(22) is divided by 15.
7
Calculate the remainder when 17 is divided by (-5 + 1)*12/(-8).
5
What is the remainder when 12*((4 - 5) + 7) is divided by (-1)/(-5) - 74/(-5)?
12
Suppose -20 = -0*a - 4*a. Suppose -5*h - 4*i - 34 - 12 = 0, 5*h + 2*i = -48. Calculate the remainder when 5/h*1*-26 is divided by a.
3
Let v(b) = b - 15 + b - 4*b. Let f(u) = -2*u - 2. Calculate the remainder when f(-8) is divided by v(-10).
4
Let c(q) = -q**3 + 12*q**2 - 14*q - 2. Let n(y) = -y**3 + 11*y**2 - 13*y - 1. Let u(m) = 4*c(m) - 5*n(m). What is the remainder when 29 is divided by u(6)?
14
Let c(a) = 15*a**2 + a - 3. Let q be c(3). Suppose 5*i - q = -2*p, -4*i - p - 150 = -9*i. Let h = -20 + i. What is the remainder when 26 is divided by h?
8
Suppose 3*c = -4*z + 16, -3*c = -4*c + 5*z + 37. Let l(t) = -t**2 + 16*t - 17. Calculate the remainder when 92 is divided by l(c).
30
Suppose -95 = -2*f + 5*u, 4*f - 137 - 59 = 4*u. Calculate the remainder when 149 is divided by f.
49
Suppose 2*f - 89 = -5. Let o = f + -26. Calculate the remainder when o is divided by 9.
7
Suppose 61 - 197 = -4*j. Let t be 5*(2 + j/(-5)). Calculate the remainder when t*(2*-1 + 1) is divided by 13.
11
Let z = 106 + -85. What is the remainder when 62 is divided by z?
20
Let l be (-27)/(-12) + 2/(-8). Calculate the remainder when 147/5 - 2/5 is divided by 21/l - (-2)/(-4).
9
Suppose i - 17 = -4. Calculate the remainder when i is divided by 7.
6
Suppose n = -4*y - 3*n - 52, -y - 8 = -4*n. What is the remainder when 16 is divided by (-5)/(20/3)*y?
7
Let f(i) = -7*i - 10 + 3*i + 2 - i. Calculate the remainder when f(-8) is divided by 11.
10
Suppose 2*b = -2*a + 6, -3*b + 5*b + 4*a = 4. Suppose -5*n = -5*w - 145, -b*n + 34 = w - 107. Calculate the remainder when n is divided by 12.
10
Suppose 3*d + 5*o - 475 = -2*d, -2*o - 356 = -4*d. Calculate the remainder when d is divided by 19.
15
Let g = -33 - -48. Let s = 6 + -24. Let u = -9 - s. Calculate the remainder when g is divided by u.
6
Let u = 2 - 2. Let l be (u - -2)/(-2) + -8. Calculate the remainder when 35 is divided by l*2*(-10)/15.
11
Let m(y) = -2*y**3 - 2*y**2 + 5*y + 2. What is the remainder when m(-3) is divided by (-114)/(-8) + (2 - 54/24)?
9
Suppose 0 = 3*s - 2*x - 2*x - 86, -54 = -2*s + x. What is the remainder when s is divided by 7?
5
Let r be 72/21*7/1. Let v = -19 + r. Suppose w - 10 - 8 = 0. Calculate the remainder when w is divided by v.
3
Let d = 680 + -408. What is the remainder when d is divided by 21?
2